{"id":475,"date":"2025-10-05T12:24:53","date_gmt":"2025-10-05T12:24:53","guid":{"rendered":"https:\/\/saintennemond.com\/?page_id=475"},"modified":"2025-11-13T12:43:34","modified_gmt":"2025-11-13T12:43:34","slug":"datenschutzerklarung","status":"publish","type":"page","link":"https:\/\/saintennemond.com\/index.php\/de\/datenschutzerklarung\/","title":{"rendered":"Datenschutzerkl\u00e4rung"},"content":{"rendered":"\n<p>1. Allgemeine Hinweise<\/p>\n\n\n\n<p>Die folgenden Hinweise geben Ihnen einen einfachen \u00dcberblick dar\u00fcber, was mit Ihren personenbezogenen Daten passiert, wenn Sie unsere Website besuchen und Gesch\u00e4fte mit uns t\u00e4tigen. Personenbezogene Daten sind alle Daten, mit denen Sie pers\u00f6nlich identifiziert werden k\u00f6nnen.<\/p>\n\n\n\n<p><strong>Verantwortliche Stelle f\u00fcr die Datenverarbeitung auf dieser Website ist:<\/strong><\/p>\n\n\n\n<p>Dominique Merle Einzelunternehmer 9 Passage \u00e0 la C\u00f4te, 01390 CIVRIEUX, Frankreich E-Mail: contact@saintennemond.com Telefon: 06 32 81 97 83<\/p>\n\n\n\n<p>Die verantwortliche Stelle entscheidet allein oder gemeinsam mit anderen \u00fcber die Zwecke und Mittel der Verarbeitung von personenbezogenen Daten (Namen, Kontaktdaten o. \u00c4.).<\/p>\n\n\n\n<h3 class=\"wp-block-heading\">2. Ihre Rechte als betroffene Person<\/h3>\n\n\n\n<p>Als betroffene Person stehen Ihnen nach der DSGVO folgende Rechte zu:<\/p>\n\n\n\n<ul class=\"wp-block-list\">\n<li><strong>Auskunftsrecht:<\/strong>&nbsp;Sie haben das Recht, jederzeit Auskunft \u00fcber Herkunft, Empf\u00e4nger und Zweck Ihrer gespeicherten personenbezogenen Daten zu erhalten.<\/li>\n\n\n\n<li><strong>Recht auf Berichtigung:<\/strong>&nbsp;Sie haben das Recht, die Vervollst\u00e4ndigung oder Berichtigung Ihrer Daten zu verlangen.<\/li>\n\n\n\n<li><strong>Recht auf L\u00f6schung:<\/strong>&nbsp;Sie k\u00f6nnen die L\u00f6schung Ihrer bei uns gespeicherten Daten verlangen.<\/li>\n\n\n\n<li><strong>Recht auf Einschr\u00e4nkung der Verarbeitung:<\/strong>&nbsp;Sie k\u00f6nnen die Einschr\u00e4nkung der Verarbeitung Ihrer Daten verlangen.<\/li>\n\n\n\n<li><strong>Recht auf Daten\u00fcbertragbarkeit:<\/strong>&nbsp;Sie haben das Recht, Ihre Daten in einem strukturierten, g\u00e4ngigen und maschinenlesbaren Format zu erhalten.<\/li>\n\n\n\n<li><strong>Widerrufsrecht:<\/strong>&nbsp;Sie k\u00f6nnen eine bereits erteilte Einwilligung jederzeit widerrufen.<\/li>\n\n\n\n<li><strong>Beschwerderecht bei der zust\u00e4ndigen Aufsichtsbeh\u00f6rde:<\/strong>&nbsp;Im Falle datenschutzrechtlicher Verst\u00f6\u00dfe steht dem Betroffenen ein Beschwerderecht bei der zust\u00e4ndigen Aufsichtsbeh\u00f6rde zu. Die zust\u00e4ndige Aufsichtsbeh\u00f6rde f\u00fcr datenschutzrechtliche Fragen in Frankreich ist die&nbsp;<strong>CNIL<\/strong>.<\/li>\n<\/ul>\n\n\n\n<p>Zur Geltendmachung Ihrer Rechte wenden Sie sich bitte an die oben genannte E-Mail-Adresse (contact@saintennemond.com).<\/p>\n\n\n\n<hr class=\"wp-block-separator has-alpha-channel-opacity\"\/>\n\n\n\n<h2 class=\"wp-block-heading\">3. Datenverarbeitung auf dieser Website<\/h2>\n\n\n\n<h3 class=\"wp-block-heading\">a) Beim Besuch der Website<\/h3>\n\n\n\n<p>Der Hosting-Provider der Seiten erhebt und speichert automatisch Informationen in sogenannten Server-Log-Files, die Ihr Browser automatisch an uns \u00fcbermittelt. Diese sind:<\/p>\n\n\n\n<ul class=\"wp-block-list\">\n<li>Browsertyp und Browserversion<\/li>\n\n\n\n<li>verwendetes Betriebssystem<\/li>\n\n\n\n<li>Referrer URL<\/li>\n\n\n\n<li>Hostname des zugreifenden Rechners<\/li>\n\n\n\n<li>Uhrzeit der Serveranfrage<\/li>\n\n\n\n<li>IP-Adresse<\/li>\n<\/ul>\n\n\n\n<p>Diese Daten sind nicht bestimmten Personen zuordenbar. Eine Zusammenf\u00fchrung dieser Daten mit anderen Datenquellen wird nicht vorgenommen. Die Erfassung dieser Daten erfolgt auf Grundlage von&nbsp;<strong>Art. 6 Abs. 1 lit. f DSGVO<\/strong>&nbsp;zur Gew\u00e4hrleistung eines reibungslosen Betriebsablaufs der Website und zur Analyse der Systemsicherheit.<\/p>\n\n\n\n<h3 class=\"wp-block-heading\">b) Kontaktformular und E-Mail<\/h3>\n\n\n\n<p>Wenn Sie uns per E-Mail oder Kontaktformular Anfragen zukommen lassen, werden Ihre Angaben aus der Anfrage inklusive der von Ihnen dort angegebenen Kontaktdaten zwecks Bearbeitung der Anfrage und f\u00fcr den Fall von Anschlussfragen bei uns gespeichert.<\/p>\n\n\n\n<p>Die Verarbeitung dieser Daten erfolgt auf Grundlage von&nbsp;<strong>Art. 6 Abs. 1 lit. b DSGVO<\/strong>, sofern Ihre Anfrage im Zusammenhang mit der Erf\u00fcllung eines Vertrags steht oder zur Durchf\u00fchrung vorvertraglicher Ma\u00dfnahmen erforderlich ist. In allen \u00fcbrigen F\u00e4llen liegt unser berechtigtes Interesse in der effektiven Bearbeitung der an uns gerichteten Anfragen (<strong>Art. 6 Abs. 1 lit. f DSGVO<\/strong>).<\/p>\n\n\n\n<h3 class=\"wp-block-heading\">c) Datenverarbeitung zur Vertragsabwicklung und bei der Kontoer\u00f6ffnung<\/h3>\n\n\n\n<p>Wir erheben und verarbeiten personenbezogene Daten, soweit diese f\u00fcr die Begr\u00fcndung, inhaltliche Ausgestaltung oder \u00c4nderung des Rechtsverh\u00e4ltnisses erforderlich sind (Bestandsdaten). Dies geschieht auf Grundlage von&nbsp;<strong>Art. 6 Abs. 1 lit. b DSGVO<\/strong>&nbsp;(Vertragserf\u00fcllung oder vorvertragliche Ma\u00dfnahmen).<\/p>\n\n\n\n<p><strong>Erfasste Daten sind unter anderem:<\/strong>&nbsp;Name, Adresse, Telefonnummer, E-Mail-Adresse,&nbsp;USt-ID&nbsp;(falls vorhanden), Bestelldaten.<\/p>\n\n\n\n<p>Diese Daten werden an Dritte nur weitergegeben, wenn dies zur Vertragserf\u00fcllung notwendig ist, z. B. an:<\/p>\n\n\n\n<ul class=\"wp-block-list\">\n<li>Transportunternehmen (f\u00fcr die Lieferung der Ware).<\/li>\n\n\n\n<li>Zahlungsdienstleister (f\u00fcr die Abwicklung der Zahlung).<\/li>\n<\/ul>\n\n\n\n<h3 class=\"wp-block-heading\">d) Zahlungsdienste<\/h3>\n\n\n\n<p>Wir nutzen zur Abwicklung von Zahlungen externe Zahlungsdienstleister. Die \u00dcbermittlung Ihrer Daten an diese Dienstleister erfolgt auf Grundlage von\u00a0<strong>Art. 6 Abs. 1 lit. b DSGVO<\/strong>\u00a0(Vertragsabwicklung).<\/p>\n\n\n\n<ul class=\"wp-block-list\">\n<li><strong>STRIPE <\/strong>zur sicheren Abwicklung der Transaktionen.<\/li>\n<\/ul>\n\n\n\n<h3 class=\"wp-block-heading\">e) Cookies und Einwilligung<\/h3>\n\n\n\n<p>Unsere Website verwendet Cookies. Cookies richten auf Ihrem Rechner keinen Schaden an und enthalten keine Viren. Sie dienen dazu, unser Angebot nutzerfreundlicher und sicherer zu machen.<\/p>\n\n\n\n<p><strong>Ihre Einwilligung:<\/strong>&nbsp;Diese Website verwendet das&nbsp;<strong>Complianz-Plugin<\/strong>&nbsp;zur Einholung der gesetzlich vorgeschriebenen Einwilligung zur Speicherung bestimmter Cookies auf Ihrem Endger\u00e4t oder zum Einsatz bestimmter Technologien. Wir verwenden Cookies nur nach Ihrer aktiven Zustimmung.<\/p>\n\n\n\n<p>Details zu den eingesetzten Cookies und der Speicherdauer entnehmen Sie bitte der \u00fcber das Banner zug\u00e4nglichen&nbsp;<strong>Cookie-Erkl\u00e4rung<\/strong>.<\/p>\n\n\n\n<hr class=\"wp-block-separator has-alpha-channel-opacity\"\/>\n\n\n\n<h2 class=\"wp-block-heading\">4. Hosting und Content Delivery Networks (CDN)<\/h2>\n\n\n\n<p>Wir hosten unsere Website bei&nbsp;<strong>OVH SAS, 2 rue Kellermann \u2013 59100 Roubaix, Frankreich<\/strong>.<\/p>\n\n\n\n<p>Die Verarbeitung der Daten zum Zwecke des Hostings erfolgt zur Erf\u00fcllung unserer vertraglichen Pflichten und zur Gew\u00e4hrleistung des sicheren und effizienten Betriebs unseres Online-Angebots durch unseren Hoster auf Grundlage von&nbsp;<strong>Art. 6 Abs. 1 lit. f DSGVO<\/strong>. Weitere Informationen finden Sie in der Datenschutzerkl\u00e4rung von OVHcloud.<\/p>\n","protected":false},"excerpt":{"rendered":"<p>1. Allgemeine Hinweise Die folgenden Hinweise geben Ihnen einen einfachen \u00dcberblick dar\u00fcber, was mit Ihren personenbezogenen Daten passiert, wenn Sie unsere Website besuchen und Gesch\u00e4fte mit uns t\u00e4tigen. Personenbezogene Daten sind alle Daten, mit denen Sie pers\u00f6nlich identifiziert werden k\u00f6nnen. Verantwortliche Stelle f\u00fcr die Datenverarbeitung auf dieser Website ist: Dominique Merle Einzelunternehmer 9 Passage \u00e0&hellip; <a class=\"more-link\" href=\"https:\/\/saintennemond.com\/index.php\/de\/datenschutzerklarung\/\">Poursuivre la lecture <span class=\"screen-reader-text\">Datenschutzerkl\u00e4rung<\/span><\/a><\/p>\n","protected":false},"author":1,"featured_media":0,"parent":0,"menu_order":0,"comment_status":"closed","ping_status":"open","template":"","meta":{"footnotes":""},"class_list":["post-475","page","type-page","status-publish","hentry","entry"],"mb":[],"jetpack_sharing_enabled":true,"mfb_rest_fields":["title","jetpack_sharing_enabled","gutenberg_elementor_mode"],"_links":{"self":[{"href":"https:\/\/saintennemond.com\/index.php\/wp-json\/wp\/v2\/pages\/475","targetHints":{"allow":["GET"]}}],"collection":[{"href":"https:\/\/saintennemond.com\/index.php\/wp-json\/wp\/v2\/pages"}],"about":[{"href":"https:\/\/saintennemond.com\/index.php\/wp-json\/wp\/v2\/types\/page"}],"author":[{"embeddable":true,"href":"https:\/\/saintennemond.com\/index.php\/wp-json\/wp\/v2\/users\/1"}],"replies":[{"embeddable":true,"href":"https:\/\/saintennemond.com\/index.php\/wp-json\/wp\/v2\/comments?post=475"}],"version-history":[{"count":6,"href":"https:\/\/saintennemond.com\/index.php\/wp-json\/wp\/v2\/pages\/475\/revisions"}],"predecessor-version":[{"id":677,"href":"https:\/\/saintennemond.com\/index.php\/wp-json\/wp\/v2\/pages\/475\/revisions\/677"}],"wp:attachment":[{"href":"https:\/\/saintennemond.com\/index.php\/wp-json\/wp\/v2\/media?parent=475"}],"curies":[{"name":"wp","href":"https:\/\/api.w.org\/{rel}","templated":true}]}}