{"id":504,"date":"2025-10-06T11:43:19","date_gmt":"2025-10-06T11:43:19","guid":{"rendered":"https:\/\/saintennemond.com\/?page_id=504"},"modified":"2025-10-06T11:43:20","modified_gmt":"2025-10-06T11:43:20","slug":"cookies-2","status":"publish","type":"page","link":"https:\/\/saintennemond.com\/index.php\/de\/cookies-2\/","title":{"rendered":"Cookies"},"content":{"rendered":"\n<p><strong>Diese Cookie-Richtlinie wurde zuletzt am 6. Oktober 2025 aktualisiert und gilt f\u00fcr B\u00fcrger und rechtm\u00e4\u00dfige Daueraufenthaltsberechtigte des Europ\u00e4ischen Wirtschaftsraums und der Schweiz.<\/strong><\/p>\n\n\n\n<p><strong>1. Einleitung<\/strong>&nbsp;Unsere Website,&nbsp;<strong><a target=\"_blank\" rel=\"noreferrer noopener\" href=\"https:\/\/saintennemond.com\/\">https:\/\/saintennemond.com<\/a><\/strong>&nbsp;(im Folgenden: \u201edie Website\u201c) verwendet&nbsp;<strong>Cookies<\/strong>&nbsp;und \u00e4hnliche Technologien (der Einfachheit halber werden all diese Technologien als \u201eCookies\u201c bezeichnet). Cookies werden auch von Dritten platziert, die wir beauftragt haben. Im nachstehenden Dokument informieren wir Sie \u00fcber die Verwendung von Cookies auf unserer Website.<\/p>\n\n\n\n<p><strong>2. Was sind Cookies?<\/strong>&nbsp;Ein Cookie ist eine kleine, einfache Datei, die mit den Seiten dieser Website gesendet und von Ihrem Browser auf der Festplatte Ihres Computers oder eines anderen Ger\u00e4ts gespeichert wird. Die darin gespeicherten Informationen k\u00f6nnen bei einem sp\u00e4teren Besuch an unsere Server oder an die Server der betreffenden Dritten zur\u00fcckgesendet werden.<\/p>\n\n\n\n<p><strong>3. Was sind Skripte?<\/strong>&nbsp;Ein&nbsp;<strong>Skript<\/strong>&nbsp;ist ein Code-Element, das verwendet wird, damit unsere Website ordnungsgem\u00e4\u00df und interaktiv funktioniert. Dieser Code wird auf unserem Server oder auf Ihrem Ger\u00e4t ausgef\u00fchrt.<\/p>\n\n\n\n<p><strong>4. Was ist ein unsichtbares Pixel (Web-Beacon)?<\/strong>&nbsp;Ein&nbsp;<strong>unsichtbares Pixel<\/strong>&nbsp;(oder Web-Beacon) ist ein kleines St\u00fcck unsichtbarer Text oder ein Bild auf einer Website, das verwendet wird, um den Verkehr auf einer Website zu verfolgen. Zu diesem Zweck werden verschiedene Daten \u00fcber Sie mithilfe von unsichtbaren Pixeln gespeichert.<\/p>\n\n\n\n<p><strong>5. Cookies<\/strong>&nbsp;<strong>5.1 Technische oder funktionale Cookies<\/strong>&nbsp;Einige Cookies stellen sicher, dass bestimmte Teile der Website ordnungsgem\u00e4\u00df funktionieren und Ihre Pr\u00e4ferenzen als Benutzer ber\u00fccksichtigt werden. Durch das Platzieren funktionaler Cookies erleichtern wir Ihnen den Besuch unserer Website. Auf diese Weise m\u00fcssen Sie bei einem Besuch unserer Website nicht wiederholt die gleichen Informationen eingeben und beispielsweise bleiben die Artikel in Ihrem Warenkorb, bis Sie bezahlen. Wir k\u00f6nnen diese Cookies ohne Ihre Zustimmung setzen.<\/p>\n\n\n\n<p><strong>6. Platzierte Cookies<\/strong>&nbsp;(oder&nbsp;<strong>Gesetzte Cookies<\/strong>)<\/p>\n\n\n\n<h3 class=\"wp-block-heading\">WordPress<\/h3>\n\n\n\n<p>FonctionnelConsent to service wordpress<\/p>\n\n\n\n<h3 class=\"wp-block-heading\">Polylang<\/h3>\n\n\n\n<p>Zustimmung zu den Funktionalen service polylang<\/p>\n\n\n\n<h3 class=\"wp-block-heading\">Complianz<\/h3>\n\n\n\n<p>Zustimmung zu den Funktionalen service complianz<\/p>\n\n\n\n<h3 class=\"wp-block-heading\">Divers<\/h3>\n\n\n\n<p>Zustimmung zu den Funktionalen service divers<\/p>\n\n\n\n<p><strong>7. Zustimmung<\/strong><\/p>\n\n\n\n<p>Wenn Sie unsere Website zum ersten Mal besuchen, zeigen wir Ihnen ein Pop-up-Fenster mit einer Erkl\u00e4rung zu Cookies. Sobald Sie auf&nbsp;<strong>\u201ePr\u00e4ferenzen speichern\u201c<\/strong>&nbsp;klicken, erteilen Sie uns die Erlaubnis, die Kategorien von Cookies und Erweiterungen zu verwenden, die Sie im Pop-up-Fenster ausgew\u00e4hlt haben, wie in dieser Cookie-Richtlinie beschrieben. Sie k\u00f6nnen die Verwendung von Cookies \u00fcber Ihren Browser deaktivieren. Beachten Sie jedoch, dass unsere Website m\u00f6glicherweise nicht mehr ordnungsgem\u00e4\u00df funktioniert.<\/p>\n\n\n\n<p><strong>7.1 Verwalten Sie Ihre Zustimmungs-Einstellungen<\/strong>&nbsp;Sie haben die Cookie-Richtlinie ohne JavaScript-Unterst\u00fctzung geladen. Auf AMP k\u00f6nnen Sie den Zustimmungsverwaltungs-Tab unten auf der Seite verwenden.<\/p>\n\n\n\n<p><strong>8. Cookies aktivieren\/deaktivieren und l\u00f6schen<\/strong><\/p>\n\n\n\n<p>Sie k\u00f6nnen Ihren Internetbrowser verwenden, um Cookies automatisch oder manuell zu l\u00f6schen. Sie k\u00f6nnen auch festlegen, dass bestimmte Cookies nicht platziert werden d\u00fcrfen. Eine weitere Option besteht darin, die Einstellungen Ihres Internetbrowsers so zu \u00e4ndern, dass Sie jedes Mal eine Nachricht&nbsp;erhalten, wenn ein Cookie gesetzt wird. Weitere Informationen zu diesen Optionen finden Sie in den Anweisungen im Hilfe-Bereich&nbsp;Ihres Browsers.<sup><\/sup><sup><\/sup><\/p>\n\n\n\n<p>Bitte beachten Sie, dass unsere Website m\u00f6glicherweise nicht richtig funktioniert, wenn alle Cook<sup><\/sup>ies deaktiviert sind. Wenn Sie die Cookies in Ihrem Browser l\u00f6schen, werden sie nach Ihrer Zustimmung erneut platziert, wenn Sie unsere Websit<sup><\/sup>e erneut besuchen.<\/p>\n\n\n\n<p><strong>9. Ihre Rechte in Bezug auf pers\u00f6nliche Daten<\/strong><\/p>\n\n\n\n<p>Sie haben folgende Rechte in Bezug auf Ihre pers\u00f6nlichen Daten:<\/p>\n\n\n\n<ul class=\"wp-block-list\">\n<li>Sie haben das\u00a0<strong>Recht zu wissen<\/strong>, warum Ihre pers\u00f6nlichen Daten ben\u00f6tigt werden, was mit ihnen geschieht und wie lange sie aufbewahrt werden.<\/li>\n\n\n\n<li><strong>Auskunftsrecht:<\/strong>\u00a0Sie haben das Recht, auf Ihre pers\u00f6nlichen Daten, die uns bekannt sind, zuzugreifen (Auskunft zu erhalten).<\/li>\n\n\n\n<li><strong>Recht auf Berichtigung:<\/strong>\u00a0Sie haben das Recht, Ihre pers\u00f6nlichen Daten jederzeit zu erg\u00e4nzen, zu korrigieren, l\u00f6schen oder blockieren zu lassen.<\/li>\n\n\n\n<li>Wenn Sie uns Ihre\u00a0<strong>Zustimmung zur Verarbeitung<\/strong>\u00a0Ihrer Daten geben, haben Sie das Recht, diese Zustimmung zu\u00a0<strong>widerrufen<\/strong>\u00a0und Ihre pers\u00f6nlichen Daten l\u00f6schen zu lassen.<\/li>\n\n\n\n<li><strong>Recht auf Daten\u00fcbertragbarkeit:<\/strong>\u00a0Sie haben das Recht, alle Ihre pers\u00f6nlichen Daten vom Verantwortlichen anzufordern und sie vollst\u00e4ndig an einen anderen Verantwortlichen zu \u00fcbermitteln.<\/li>\n\n\n\n<li><strong>Widerspruchsrecht:<\/strong>\u00a0Sie k\u00f6nnen der Verarbeitung Ihrer Daten widersprechen. Wir werden dem nachkommen, es sei denn, es liegen zwingende Gr\u00fcnde f\u00fcr die Verarbeitung vor.<\/li>\n<\/ul>\n\n\n\n<p>Um diese Rechte auszu\u00fcben, kontaktieren Sie uns bitte. Bitte beachten Sie die Kontaktinformationen am Ende dieser Cookie-Richtlinie. Wenn Sie eine Beschwerde dar\u00fcber haben, wie wir mit Ihren Daten umgehen, w\u00fcrden wir uns \u00fcber eine Information freuen. Sie haben jedoch auch das Recht, eine Beschwerde bei der Aufsichtsbeh\u00f6rde (der f\u00fcr den Datenschutz zust\u00e4ndigen Beh\u00f6rde) einzureichen.<\/p>\n\n\n\n<p><strong>10. Kontaktdaten<\/strong><\/p>\n\n\n\n<p>F\u00fcr Fragen und\/oder Kommentare zu unserer Cookie-Richtlinie und dieser Erkl\u00e4rung kontaktieren Sie uns bitte \u00fcber die folgenden Kontaktdaten:<\/p>\n\n\n\n<p>Dominique Merle 9 Passage \u00e0 la C\u00f4te 01390 CIVRIEUX Frankreich Website:&nbsp;<strong><a target=\"_blank\" rel=\"noreferrer noopener\" href=\"https:\/\/saintennemond.com\/\">https:\/\/saintennemond.com<\/a><\/strong>&nbsp;E-Mail:&nbsp;<strong>contact@saintennemond.com<\/strong><\/p>\n\n\n\n<p>Diese Cookie-Richtlinie wurde am&nbsp;<strong>6. Oktober 2025<\/strong>&nbsp;mit&nbsp;<strong>cookiedatabase.org<\/strong>&nbsp;synchronisiert.<\/p>\n","protected":false},"excerpt":{"rendered":"<p>Diese Cookie-Richtlinie wurde zuletzt am 6. Oktober 2025 aktualisiert und gilt f\u00fcr B\u00fcrger und rechtm\u00e4\u00dfige Daueraufenthaltsberechtigte des Europ\u00e4ischen Wirtschaftsraums und der Schweiz. 1. Einleitung&nbsp;Unsere Website,&nbsp;https:\/\/saintennemond.com&nbsp;(im Folgenden: \u201edie Website\u201c) verwendet&nbsp;Cookies&nbsp;und \u00e4hnliche Technologien (der Einfachheit halber werden all diese Technologien als \u201eCookies\u201c bezeichnet). Cookies werden auch von Dritten platziert, die wir beauftragt haben. Im nachstehenden Dokument informieren&hellip; <a class=\"more-link\" href=\"https:\/\/saintennemond.com\/index.php\/de\/cookies-2\/\">Poursuivre la lecture <span class=\"screen-reader-text\">Cookies<\/span><\/a><\/p>\n","protected":false},"author":1,"featured_media":0,"parent":0,"menu_order":0,"comment_status":"closed","ping_status":"closed","template":"","meta":{"footnotes":""},"class_list":["post-504","page","type-page","status-publish","hentry","entry"],"mb":[],"jetpack_sharing_enabled":true,"mfb_rest_fields":["title","jetpack_sharing_enabled","gutenberg_elementor_mode"],"_links":{"self":[{"href":"https:\/\/saintennemond.com\/index.php\/wp-json\/wp\/v2\/pages\/504","targetHints":{"allow":["GET"]}}],"collection":[{"href":"https:\/\/saintennemond.com\/index.php\/wp-json\/wp\/v2\/pages"}],"about":[{"href":"https:\/\/saintennemond.com\/index.php\/wp-json\/wp\/v2\/types\/page"}],"author":[{"embeddable":true,"href":"https:\/\/saintennemond.com\/index.php\/wp-json\/wp\/v2\/users\/1"}],"replies":[{"embeddable":true,"href":"https:\/\/saintennemond.com\/index.php\/wp-json\/wp\/v2\/comments?post=504"}],"version-history":[{"count":1,"href":"https:\/\/saintennemond.com\/index.php\/wp-json\/wp\/v2\/pages\/504\/revisions"}],"predecessor-version":[{"id":506,"href":"https:\/\/saintennemond.com\/index.php\/wp-json\/wp\/v2\/pages\/504\/revisions\/506"}],"wp:attachment":[{"href":"https:\/\/saintennemond.com\/index.php\/wp-json\/wp\/v2\/media?parent=504"}],"curies":[{"name":"wp","href":"https:\/\/api.w.org\/{rel}","templated":true}]}}