{"id":81,"date":"2025-09-16T07:00:27","date_gmt":"2025-09-16T07:00:27","guid":{"rendered":"https:\/\/saintennemond.com\/?page_id=81"},"modified":"2025-10-06T12:31:30","modified_gmt":"2025-10-06T12:31:30","slug":"millesime-2025","status":"publish","type":"page","link":"https:\/\/saintennemond.com\/index.php\/millesime-2025\/","title":{"rendered":"Beaujolais Villages Bio 2025"},"content":{"rendered":"\n<div class=\"wp-block-columns alignwide is-style-default is-layout-flex wp-container-core-columns-is-layout-9d6595d7 wp-block-columns-is-layout-flex\">\n<div class=\"wp-block-column is-layout-flow wp-block-column-is-layout-flow\" style=\"font-size:0px;flex-basis:33.33%\"><div class=\"wp-block-image is-style-default\">\n<figure class=\"aligncenter size-medium\"><img fetchpriority=\"high\" decoding=\"async\" width=\"300\" height=\"300\" src=\"https:\/\/saintennemond.com\/wp-content\/uploads\/2025\/09\/EtiquettrModerneAquarelle-300x300.png\" alt=\"\" class=\"wp-image-86\" style=\"aspect-ratio:2\/3;object-fit:cover\" srcset=\"https:\/\/saintennemond.com\/wp-content\/uploads\/2025\/09\/EtiquettrModerneAquarelle-300x300.png 300w, https:\/\/saintennemond.com\/wp-content\/uploads\/2025\/09\/EtiquettrModerneAquarelle-450x450.png 450w, https:\/\/saintennemond.com\/wp-content\/uploads\/2025\/09\/EtiquettrModerneAquarelle-100x100.png 100w, https:\/\/saintennemond.com\/wp-content\/uploads\/2025\/09\/EtiquettrModerneAquarelle-600x600.png 600w, https:\/\/saintennemond.com\/wp-content\/uploads\/2025\/09\/EtiquettrModerneAquarelle-150x150.png 150w, https:\/\/saintennemond.com\/wp-content\/uploads\/2025\/09\/EtiquettrModerneAquarelle-768x768.png 768w, https:\/\/saintennemond.com\/wp-content\/uploads\/2025\/09\/EtiquettrModerneAquarelle.png 1024w\" sizes=\"(max-width: 300px) 100vw, 300px\" \/><\/figure>\n<\/div><\/div>\n\n\n\n<div class=\"wp-block-column is-vertically-aligned-top is-layout-flow wp-block-column-is-layout-flow\" style=\"flex-basis:66.66%\">\n<h2 class=\"wp-block-heading\">Pr\u00e9-commande<\/h2>\n\n\n\n<p>Il y aura un nombre limit\u00e9 de bouteilles disponibles au deuxi\u00e8me trimestre 2026. Si vous souhaitez d\u00e9j\u00e0 faire une pr\u00e9-r\u00e9servation, merci de me contacter avec le formulaire ci-dessous en me pr\u00e9cisant le nombre de bouteilles.<\/p>\n\n\n\n<div class=\"wp-block-contact-form-7-contact-form-selector\">\n<div class=\"wpcf7 no-js\" id=\"wpcf7-f109-o1\" lang=\"fr-FR\" dir=\"ltr\" data-wpcf7-id=\"109\">\n<div class=\"screen-reader-response\"><p role=\"status\" aria-live=\"polite\" aria-atomic=\"true\"><\/p> <ul><\/ul><\/div>\n<form action=\"\/index.php\/wp-json\/wp\/v2\/pages\/81#wpcf7-f109-o1\" method=\"post\" class=\"wpcf7-form init\" aria-label=\"Formulaire de contact\" novalidate=\"novalidate\" data-status=\"init\">\n<fieldset class=\"hidden-fields-container\"><input type=\"hidden\" name=\"_wpcf7\" value=\"109\" \/><input type=\"hidden\" name=\"_wpcf7_version\" value=\"6.1.5\" \/><input type=\"hidden\" name=\"_wpcf7_locale\" value=\"fr_FR\" \/><input type=\"hidden\" name=\"_wpcf7_unit_tag\" value=\"wpcf7-f109-o1\" \/><input type=\"hidden\" name=\"_wpcf7_container_post\" value=\"0\" \/><input type=\"hidden\" name=\"_wpcf7_posted_data_hash\" value=\"\" \/>\n<\/fieldset>\n<p><label> Votre nom<br \/>\n<span class=\"wpcf7-form-control-wrap\" data-name=\"your-name\"><input size=\"40\" maxlength=\"400\" class=\"wpcf7-form-control wpcf7-text wpcf7-validates-as-required\" autocomplete=\"name\" aria-required=\"true\" aria-invalid=\"false\" value=\"\" type=\"text\" name=\"your-name\" \/><\/span> <\/label>\n<\/p>\n<p><label> Votre e-Mail<br \/>\n<span class=\"wpcf7-form-control-wrap\" data-name=\"your-email\"><input size=\"40\" maxlength=\"400\" class=\"wpcf7-form-control wpcf7-email wpcf7-validates-as-required wpcf7-text wpcf7-validates-as-email\" autocomplete=\"email\" aria-required=\"true\" aria-invalid=\"false\" value=\"\" type=\"email\" name=\"your-email\" \/><\/span> <\/label>\n<\/p>\n<p><label> Sujet<br \/>\n<span class=\"wpcf7-form-control-wrap\" data-name=\"your-subject\"><input size=\"40\" maxlength=\"400\" class=\"wpcf7-form-control wpcf7-text wpcf7-validates-as-required\" aria-required=\"true\" aria-invalid=\"false\" value=\"\" type=\"text\" name=\"your-subject\" \/><\/span> <\/label>\n<\/p>\n<p><label> Message<br \/>\n<span class=\"wpcf7-form-control-wrap\" data-name=\"your-message\"><textarea cols=\"40\" rows=\"10\" maxlength=\"2000\" class=\"wpcf7-form-control wpcf7-textarea\" aria-invalid=\"false\" name=\"your-message\"><\/textarea><\/span> <\/label>\n<\/p>\n<p><input class=\"wpcf7-form-control wpcf7-submit has-spinner\" type=\"submit\" value=\"Envoyer\" \/>\n<\/p><div class=\"wpcf7-response-output\" aria-hidden=\"true\"><\/div>\n<\/form>\n<\/div>\n<\/div>\n<\/div>\n<\/div>\n\n\n\n<div style=\"height:100px\" aria-hidden=\"true\" class=\"wp-block-spacer\"><\/div>\n\n\n\n<div class=\"wp-block-columns alignwide is-layout-flex wp-container-core-columns-is-layout-9d6595d7 wp-block-columns-is-layout-flex\">\n<div class=\"wp-block-column is-layout-flow wp-block-column-is-layout-flow\">\n<figure class=\"wp-block-image alignwide size-large\"><img decoding=\"async\" width=\"768\" height=\"1024\" src=\"https:\/\/saintennemond.com\/wp-content\/uploads\/2025\/09\/IMG_5175-768x1024.jpeg\" alt=\"\" class=\"wp-image-288\" srcset=\"https:\/\/saintennemond.com\/wp-content\/uploads\/2025\/09\/IMG_5175-768x1024.jpeg 768w, https:\/\/saintennemond.com\/wp-content\/uploads\/2025\/09\/IMG_5175-scaled-600x800.jpeg 600w, https:\/\/saintennemond.com\/wp-content\/uploads\/2025\/09\/IMG_5175-225x300.jpeg 225w, https:\/\/saintennemond.com\/wp-content\/uploads\/2025\/09\/IMG_5175-1152x1536.jpeg 1152w, https:\/\/saintennemond.com\/wp-content\/uploads\/2025\/09\/IMG_5175-1536x2048.jpeg 1536w, https:\/\/saintennemond.com\/wp-content\/uploads\/2025\/09\/IMG_5175-1568x2091.jpeg 1568w, https:\/\/saintennemond.com\/wp-content\/uploads\/2025\/09\/IMG_5175-scaled.jpeg 1920w\" sizes=\"(max-width: 768px) 100vw, 768px\" \/><\/figure>\n\n\n\n<figure class=\"wp-block-image size-large\"><img decoding=\"async\" width=\"768\" height=\"1024\" src=\"https:\/\/saintennemond.com\/wp-content\/uploads\/2025\/09\/IMG_5180-768x1024.jpeg\" alt=\"\" class=\"wp-image-289\" srcset=\"https:\/\/saintennemond.com\/wp-content\/uploads\/2025\/09\/IMG_5180-768x1024.jpeg 768w, https:\/\/saintennemond.com\/wp-content\/uploads\/2025\/09\/IMG_5180-scaled-600x800.jpeg 600w, https:\/\/saintennemond.com\/wp-content\/uploads\/2025\/09\/IMG_5180-225x300.jpeg 225w, https:\/\/saintennemond.com\/wp-content\/uploads\/2025\/09\/IMG_5180-1152x1536.jpeg 1152w, https:\/\/saintennemond.com\/wp-content\/uploads\/2025\/09\/IMG_5180-1536x2048.jpeg 1536w, https:\/\/saintennemond.com\/wp-content\/uploads\/2025\/09\/IMG_5180-1568x2091.jpeg 1568w, https:\/\/saintennemond.com\/wp-content\/uploads\/2025\/09\/IMG_5180-scaled.jpeg 1920w\" sizes=\"(max-width: 768px) 100vw, 768px\" \/><\/figure>\n<\/div>\n\n\n\n<div class=\"wp-block-column is-layout-flow wp-block-column-is-layout-flow\">\n<h2 class=\"wp-block-heading\">Accord mets et vin<\/h2>\n\n\n\n<p>Un Beaujolais-Villages bio Gamay rouge sur vieilles vignes est un vin avec du caract\u00e8re, de la concentration et une belle expression du fruit. L&rsquo;\u00e2ge des vignes apporte de la profondeur et de la complexit\u00e9, ce qui le diff\u00e9rencie des Beaujolais-Villages plus jeunes et l\u00e9gers.<\/p>\n\n\n\n<p>Ce type de vin s&rsquo;accorde \u00e0 merveille avec des plats qui mettent en valeur sa finesse et son fruit\u00e9, sans l&rsquo;\u00e9craser. Voici quelques suggestions d&rsquo;accords mets et vins :<\/p>\n\n\n\n<p><strong>Les incontournables de la cuisine du terroir :<\/strong><\/p>\n\n\n\n<ul class=\"wp-block-list\">\n<li><strong>Charcuteries et salades lyonnaises :<\/strong>&nbsp;Un accord classique et parfait. Le gras de la charcuterie (rosette de Lyon, saucisson brioch\u00e9, terrines, etc.) est \u00e9quilibr\u00e9 par la vivacit\u00e9 et les ar\u00f4mes fruit\u00e9s du vin.<\/li>\n\n\n\n<li><strong>Viandes blanches :<\/strong>&nbsp;Un poulet r\u00f4ti, un veau grill\u00e9 ou un filet mignon de porc se marieront tr\u00e8s bien avec ce vin. Leurs saveurs d\u00e9licates ne masquent pas le profil aromatique du Gamay.<\/li>\n\n\n\n<li><strong>Plats en sauce l\u00e9gers :<\/strong>&nbsp;Un petit sal\u00e9 aux lentilles, une blanquette de veau ou un coq au vin rouge (m\u00eame si un vin plus puissant peut aussi convenir, un Beaujolais-Villages s&rsquo;en sortira avec brio).<\/li>\n<\/ul>\n\n\n\n<p><strong>Des associations plus originales :<\/strong><\/p>\n\n\n\n<ul class=\"wp-block-list\">\n<li><strong>Fromages de ch\u00e8vre :<\/strong>&nbsp;L&rsquo;acidit\u00e9 et le caract\u00e8re du fromage de ch\u00e8vre (frais ou affin\u00e9) s&rsquo;accordent tr\u00e8s bien avec les notes de fruits rouges du Gamay. Un Crottin de Chavignol ou un Saint-F\u00e9licien seront de bons compagnons.<\/li>\n\n\n\n<li><strong>Grillades :<\/strong>&nbsp;Un bon vin de Gamay sur vieilles vignes accompagnera parfaitement une grillade de porc ou de b\u0153uf. Ses tanins l\u00e9gers ne seront pas agressifs avec la viande grill\u00e9e.<\/li>\n\n\n\n<li><strong>Cuisine m\u00e9diterran\u00e9enne :<\/strong>\u00a0Une lasagne \u00e0 la bolognaise, une pizza aux l\u00e9gumes et \u00e0 la charcuterie ou des plats \u00e0 base de tomates et d&rsquo;herbes de Provence peuvent \u00eatre mis en valeur par la fra\u00eecheur de ce vin.<\/li>\n<\/ul>\n<\/div>\n<\/div>\n\n\n\n<div class=\"wp-block-columns alignwide are-vertically-aligned-center is-layout-flex wp-container-core-columns-is-layout-9d6595d7 wp-block-columns-is-layout-flex\">\n<div class=\"wp-block-column is-vertically-aligned-center is-layout-flow wp-block-column-is-layout-flow\">\n<h2 class=\"wp-block-heading alignwide\">Points cl\u00e9 \u00e0 retenir<\/h2>\n\n\n\n<ul class=\"wp-block-list\">\n<li><strong>La certification bio :<\/strong>&nbsp;Elle garantit que le vin a \u00e9t\u00e9 produit dans le respect de l&rsquo;environnement, ce qui peut influencer le profil aromatique avec une plus grande puret\u00e9 du fruit.<\/li>\n\n\n\n<li><strong>Vignes de 40 ans :<\/strong>&nbsp;Ces vignes produisent moins de raisin, mais de meilleure qualit\u00e9, ce qui se traduit par un vin plus concentr\u00e9 et complexe.<\/li>\n\n\n\n<li><strong>La temp\u00e9rature de service :<\/strong>&nbsp;Pour profiter pleinement de ses ar\u00f4mes de fruits, il est conseill\u00e9 de le servir l\u00e9g\u00e8rement frais, entre 14 et 16\u00b0C.<\/li>\n<\/ul>\n<\/div>\n\n\n\n<div class=\"wp-block-column is-vertically-aligned-center is-layout-flow wp-block-column-is-layout-flow\">\n<figure class=\"wp-block-image size-large\"><img loading=\"lazy\" decoding=\"async\" width=\"1024\" height=\"683\" src=\"https:\/\/saintennemond.com\/wp-content\/uploads\/2025\/10\/DSC_4055-1024x683.jpeg\" alt=\"\" class=\"wp-image-524\" srcset=\"https:\/\/saintennemond.com\/wp-content\/uploads\/2025\/10\/DSC_4055-1024x683.jpeg 1024w, https:\/\/saintennemond.com\/wp-content\/uploads\/2025\/10\/DSC_4055-scaled-600x400.jpeg 600w, https:\/\/saintennemond.com\/wp-content\/uploads\/2025\/10\/DSC_4055-300x200.jpeg 300w, https:\/\/saintennemond.com\/wp-content\/uploads\/2025\/10\/DSC_4055-768x512.jpeg 768w, https:\/\/saintennemond.com\/wp-content\/uploads\/2025\/10\/DSC_4055-1536x1024.jpeg 1536w, https:\/\/saintennemond.com\/wp-content\/uploads\/2025\/10\/DSC_4055-2048x1365.jpeg 2048w, https:\/\/saintennemond.com\/wp-content\/uploads\/2025\/10\/DSC_4055-1568x1045.jpeg 1568w\" sizes=\"(max-width: 1024px) 100vw, 1024px\" \/><\/figure>\n<\/div>\n<\/div>\n","protected":false},"excerpt":{"rendered":"<p>Pr\u00e9-commande Il y aura un nombre limit\u00e9 de bouteilles disponibles au deuxi\u00e8me trimestre 2026. Si vous souhaitez d\u00e9j\u00e0 faire une pr\u00e9-r\u00e9servation, merci de me contacter avec le formulaire ci-dessous en me pr\u00e9cisant le nombre de bouteilles. Accord mets et vin Un Beaujolais-Villages bio Gamay rouge sur vieilles vignes est un vin avec du caract\u00e8re, de&hellip; <a class=\"more-link\" href=\"https:\/\/saintennemond.com\/index.php\/millesime-2025\/\">Poursuivre la lecture <span class=\"screen-reader-text\">Beaujolais Villages Bio 2025<\/span><\/a><\/p>\n","protected":false},"author":1,"featured_media":0,"parent":0,"menu_order":0,"comment_status":"closed","ping_status":"closed","template":"","meta":{"footnotes":""},"class_list":["post-81","page","type-page","status-publish","hentry","entry"],"mb":[],"jetpack_sharing_enabled":true,"mfb_rest_fields":["title","jetpack_sharing_enabled","gutenberg_elementor_mode"],"_links":{"self":[{"href":"https:\/\/saintennemond.com\/index.php\/wp-json\/wp\/v2\/pages\/81","targetHints":{"allow":["GET"]}}],"collection":[{"href":"https:\/\/saintennemond.com\/index.php\/wp-json\/wp\/v2\/pages"}],"about":[{"href":"https:\/\/saintennemond.com\/index.php\/wp-json\/wp\/v2\/types\/page"}],"author":[{"embeddable":true,"href":"https:\/\/saintennemond.com\/index.php\/wp-json\/wp\/v2\/users\/1"}],"replies":[{"embeddable":true,"href":"https:\/\/saintennemond.com\/index.php\/wp-json\/wp\/v2\/comments?post=81"}],"version-history":[{"count":14,"href":"https:\/\/saintennemond.com\/index.php\/wp-json\/wp\/v2\/pages\/81\/revisions"}],"predecessor-version":[{"id":525,"href":"https:\/\/saintennemond.com\/index.php\/wp-json\/wp\/v2\/pages\/81\/revisions\/525"}],"wp:attachment":[{"href":"https:\/\/saintennemond.com\/index.php\/wp-json\/wp\/v2\/media?parent=81"}],"curies":[{"name":"wp","href":"https:\/\/api.w.org\/{rel}","templated":true}]}}